e 14.
-10b5817
-9a830 (base 11) to base 7
-1145614
What is 10941166 (base 10) in base 16?
a6f2ee
Convert -674ae (base 15) to base 5.
-41002224
Convert -435c81 (base 15) to base 7.
-36163615
What is -1d0e0 (base 15) in base 4?
-113013312
Convert 444052 (base 7) to base 16.
131a1
What is -144796 (base 10) in base 6?
-3034204
What is -112306144 (base 7) in base 5?
-3230014302
What is -4112210 (base 6) in base 12?
-95666
-1082bb7 (base 13) to base 15
-69eb6a
What is 4209460 (base 10) in base 14?
7b80ba
What is -1197021 (base 10) in base 7?
-13113600
What is -100111010001000001 (base 2) in base 3?
-22011121210
155a6b8 (base 14) to base 7
154506621
What is b9a67 (base 12) in base 14?
654bd
What is 14677 (base 8) in base 7?
25134
What is 3321132121 (base 4) in base 6?
33522441
What is -110200232300 (base 4) in base 5?
-2334030234
Convert -10013040 (base 5) to base 7.
-446513
Convert 10011010011100100010 (base 2) to base 9.
1163700
43388 (base 15) to base 10
213428
Convert -35064a6 (base 11) to base 9.
-12470671
What is -1033145 (base 10) in base 2?
-11111100001110111001
What is -833971 (base 10) in base 9?
-1510884
Convert -1a3575 (base 12) to base 3.
-212110222222
What is 10010002120 (base 3) in base 13?
21b9a
-115142650 (base 7) to base 11
-4080535
Convert 10110211101 (base 3) to base 10.
68401
602173 (base 9) to base 13
c5cbb
7956 (base 11) to base 14
3b59
11313202 (base 5) to base 4
121123301
Convert -8671 (base 11) to base 10.
-11452
Convert 4ee759 (base 16) to base 13.
10c08aa
Convert 100310230031 (base 4) to base 16.
434b0d
Convert -121454b (base 12) to base 14.
-675ca7
Convert 180da (base 15) to base 3.
10221202121
211131002 (base 4) to base 14
3dc9c
Convert -1000000101000110110 (base 2) to base 12.
-109272
244231032 (base 5) to base 8
4342345
Convert -4735c (base 14) to base 12.
-8451a
What is -6052a (base 15) in base 2?
-1001010011100010011
What is -87456 (base 9) in base 10?
-57966
Convert -27455 (base 8) to base 6.
-131525
247372 (base 9) to base 2
100100100011111001
-115440463 (base 7) to base 4
-123222322132
Convert -1213302330 (base 4) to base 3.
-210121012020
3335152 (base 9) to base 14
34a1b0
What is -286aa (base 15) in base 14?
-35408
What is 6721b4 (base 13) in base 12?
993777
What is -3908 (base 16) in base 4?
-3210020
624202 (base 9) to base 14
99040
1039608 (base 10) to base 16
fdcf8
What is 46125 (base 12) in base 7?
536360
What is 3142434133 (base 5) in base 8?
31153434
Convert -116451515 (base 7) to base 3.
-111212122022202
-2314233 (base 5) to base 4
-22031122
What is -111002021112 (base 3) in base 8?
-767004
10110010111111000 (base 2) to base 11
6293a
Convert -1041031414 (base 5) to base 4.
-20231131133
What is -978298 (base 10) in base 5?
-222301143
Convert -f32f (base 16) to base 7.
-346334
What is -2533c (base 15) in base 3?
-20001001010
Convert -7f35a (base 16) to base 15.
-a45ba
Convert 1001000111110110 (base 2) to base 10.
37366
-185625 (base 9) to base 12
-56b4b
-23431 (base 9) to base 14
-59c9
Convert 20a261b (base 13) to base 14.
146c20c
1022100011212 (base 3) to base 5
134224342
759357 (base 10) to base 16
b963d
What is -245bb1 (base 14) in base 3?
-2100021021211
What is -815a7a (base 12) in base 5?
-1004142231
Convert 4565518 (base 9) to base 10.
2464442
What is 482838 (base 11) in base 8?
2726113
What is -10100000110100010111 (base 2) in base 5?
-132034321
39c95 (base 13) to base 9
173542
4e703 (base 15) to base 12
101540
Convert 1055518 (base 9) to base 15.
b35c8
Convert 6a311 (base 14) to base 10.
258539
Convert 1127f6 (base 16) to base 5.
241434332
What is -125501 (base 9) in base 11?
-522a3
-10101000101111101 (base 2) to base 5
-10231042
What is -4097 (base 12) in base 14?
-27bd
Convert -655469 (base 10) to base 2.
-10100000000001101101
Convert 30302 (base 4) to base 13.
4ac
Convert 5444b2 (base 13) to base 16.
1e379e
What is 2550523 (base 6) in base 4?
201321303
-694a (base 13) to base 6
-152205
What is -110422 (base 12) in base 4?
-1001331122
What is -101101010101110001001 (base 2) in base 11?
-925261
What is 4511141 (base 7) in base 13?
166970
What is 234995 (base 11) in base 4?
1122330332
-407034 (base 11) to base 15
-cd9a8
What is 10001111011000010100 (base 2) in base 7?
4664125
Convert 2b832c (base 15) to base 14.
3ca74a
What is 1043414 (base 5) in base 8?
44261
Convert -6165165 (base 7) to base 6.
-23500530
-1132131412 (base 5) to base 11
-1526436
What is 1202164 (base 8) in base 2?
1010000010001110100
Convert -690762a (base 11) to base 10.
-12088900
34301d (base 15) to base 4
21200012122
11059 (base 14) to base 16
a117
What is 121230213323 (base 4) in base 9?
13606515
Convert -22233101221 (base 4) to base 15.
-3a9171
296704 (base 11) to base 8
1607564
76c9ae (base 16) to base 3
112122111211211
12823 (base 13) to base 15
a291
What is -2b1430b (base 12) in base 15?
-b78c0b
130400234 (base 5) to base 14
1284c9
What is 141514515 (base 6) in base 15?
3c0732
869451 (base 11) to base 12
56b831
21332645 (base 8) to base 7
53555125
230c2b (base 15) to base 12
688472
What is -12900 (base 15) in base 12?
-2a460
-110120110200 (base 3) to base 14
-66289
Convert -847da1 (base 15) to base 3.
-102212021201221
Convert 22522453 (base 7) to base 6.
110134141
What is 155312421 (base 6) in base 16?
32ee3d
101011111002 (base 3) to base 14
52ccb
What is -11011000101010010 (base 2) in base 7?
-641261
-12131222 (base 4) to base 6
-322322
Convert 1000a6 (base 11) to base 10.
161167
Convert 3551043 (base 6) to base 14.
4b8b1
What is -38015461 (base 9) in base 12?
-6296324
-636153 (base 10) to base 11
-3a4a51
100011111101111011111 (base 2) to base 8
4375737
Convert 5662021 (base 7) to base 16.
abec2
197233 (base 15) to base 12
4b9103
What is -34453542 (base 6) in base 9?
-2002648
Convert -1431645 (base 9) to base 15.
-1089bb
Convert -217065 (base 11) to base 12.
-148383
Convert 102102110122100 (base 3) to base 6.
334045100
Convert -2a17514 (base 11) to base 3.
-100202002011120
Convert 1b0834 (base 12) to base 15.
969ea
-1435042 (base 7) to base 5
-22200300
What is 1512500300 (base 6) in base 16?
120354c
22212110201 (base 3) to base 7
1324651
Convert 315750 (base 8) to base 10.
105448
Convert -80372 (base 11) to base 13.
-4168b
Convert -1012478 (base 12) to base 7.
-34406654
64454 (base 8) to base 5
1330144
3021332021 (base 4) to base 16
c9f89
-1026535 (base 7) to base 11
-85827
Convert -104617372 (base 8) to base 6.
-1442241430
Convert -4fe556 (base 16) to base 5.
-2320023204
Convert -13218616 (base 9) to base 11.
-3745852
Convert -2a38030 (base 12) to base 8.
-40440444
-14416071 (base 10) to base 16
-dbf8c7
2112001222 (base 3) to base 16
c1d9
What is 26029d (base 14) in base 5?
313303200
-23a7 (base 15) to base 9
-11354
What is 23122221 (base 5) in base 14?
55a39
-45cd5 (base 16) to base 4
-1011303111
Convert 433221 (base 5) to base 16.
39db
356980 (base 11) to base 16
8a111
Convert 11100101002222 (base 3) to base 11.
1338826
Convert -2460298 (base 12) to base 13.
-1614125
Convert -24013032 (base 5) to base 3.
-102011110112
What is 32010234 (base 5) in base 3?
111112022200
What is -1021112 (base 8) in base 7?
-2205601
Convert -163548 (base 9) to base 5.
-11213201
125111344 (base 6) to base 2
1001011110000000010000
Convert -64204130 (base 7) to base 11.
-3090387
What is 46645a (base 11) in base 13?
1cc121
3350054 (base 6) to base 2
101001011101010010
What is 340443 (base 5) in base 6?
131314
Convert 5a682b (base 15) to base 8.
20377540
What is -1011100110100011011 (base 2) in base 3?
-201022112000
-10011100100100000000 (base 2) to base 8
-2344400
Convert -4402404 (base 5) to base 7.
-432456
Convert 4324212 (base 5) to base 6.
1325042
Convert 1121111101122 (base 3) to base 14.
184005
Convert -507120 (base 10) to base 8.
-1736360
-2958c6 (base 14) to base 10
-1436854
Convert -857638 (base 9) to base 16.
-7cb65
-20212011001 (base 3) to base 12
-6613a
What is 232000122 (base 4) in base 10?
188442
What is 109abd (base 16) in base 7?
12151364
-3101050 (base 6) to base 9
-245003
Convert 1011111000001111 (base 2) to base 15.
e63a
Convert -3a965 (base 12) to base 6.
-1422205
2340147 (base 8) to base 6
21410411
What is 2122120112021 (base 3) in base 4?
11113330231
Convert 52155 (base 11) to base 2.
10010100100010000
What is -5294c (